actor of 18 and k?
6
Let j(b) = 4*b**2 - 4. Let g be j(-4). Suppose 5*h - q = 195, 4*h - 162*q + 165*q - 175 = 0. Calculate the greatest common factor of g and h.
20
Suppose 7*n + 616 = 15*n. Let l be -7*(-4 - -3)*2. Calculate the highest common factor of l and n.
7
Let a(n) = n**3 - 2*n**2 - 15*n + 5. Let p be (-10)/(-4)*8*4/16. Let d be a(p). Calculate the highest common factor of d and 80.
5
Let o = 19 - 29. Let q = 16 + o. Let n be (42/(-35))/(2/(-6) + (-352)/(-1155)). What is the greatest common divisor of n and q?
6
Let g(b) = -18*b**2 - 4 + 0 + 5*b**2 + b + b**3. Let r be g(13). Suppose -4*f + r*f = -25, -m = f - 112. Calculate the highest common factor of m and 13.
13
Let v = -1526 + 1666. Calculate the greatest common factor of v and 160.
20
Let o(t) = -4*t + 9. Let c be o(0). Let w = 11 - c. Suppose 2*j + 4*z - 208 = 0, w*j - 194 = -0*j + 3*z. Calculate the greatest common divisor of 20 and j.
20
Let l be 96/3*40/32. Let f(o) = -9*o - 21. Let h be f(-13). Suppose h = 4*s + l. What is the highest common factor of 84 and s?
14
Let p be 66/1 - (19 + -11 + -12). Let d be ((0 - 2)/4)/(14/(-1400)). What is the greatest common divisor of d and p?
10
Let y(s) = -s. Let f(t) = 125*t**3 + t**2 + 3*t. Let p(d) = -f(d) - y(d). Let v be p(-1). What is the highest common factor of 84 and v?
42
Let q(f) = -f**2 - 6*f - 3. Let g be q(-4). Suppose d = -2*v + 4*v - 2, -4*d = -g*v + 5. Let y = 18857 + -18850. Calculate the highest common factor of y and v.
1
Let d(t) = 13*t + 5. Let i be d(1). Suppose -14*j + i*j - 168 = 0. What is the greatest common factor of j and 6?
6
Suppose -4*v = -3*j + 105 + 93, 0 = -5*j - 2*v + 356. Suppose -y + 0*y + j = 4*p, 2*y = -2*p + 32. What is the greatest common divisor of p and 6?
6
Suppose -675 = 14*d + 949. Let t be (-3)/(-4) - 59305/d. What is the highest common factor of t and 64?
64
Let c(s) = 10*s + 14 - 11 - 71. Let a be c(8). Suppose -2*u - k + 190 = 0, 0 = 5*k + 11 - 1. Calculate the highest common divisor of a and u.
12
Suppose -2*w + 31 = 21. Suppose 324 = w*b - 1026. Suppose -o = 5*i + 2*o - 162, -2*i - o + 64 = 0. What is the highest common divisor of b and i?
30
Suppose 48*v + 39332 = 302341 + 26287. What is the greatest common divisor of 123 and v?
123
Let c(u) = u**2 + 4*u + 6. Let z be c(-1). What is the greatest common factor of 5 and z?
1
Let x = 14215 - 14202. What is the highest common factor of 16757 and x?
13
Suppose -2*h = 2*g + g - 14, -4*h = -5*g - 72. Let l(c) = 2*c**2 - 7*c - 7. Let x be l(15). Calculate the highest common divisor of h and x.
13
Let w be ((-3)/8)/(17/(-544)). Calculate the greatest common divisor of w and 768.
12
Let q = -33 + 63. Let t = -30 + q. Suppose 7*y - 3*y - 148 = t. Calculate the greatest common factor of y and 296.
37
Let u(z) = 2*z**2 + 27*z - 306. Let b be u(-21). Calculate the greatest common divisor of 1752 and b.
3
Let k(d) = -d**2 + 7*d + 1. Let h be 0 - 0 - 7/(-1). Let g be k(h). Let v be (-4)/(-10) - (-7 + 13/(-5)). What is the greatest common divisor of g and v?
1
Suppose 302*b = 569*b - 1602. What is the highest common divisor of b and 429?
3
Let v(a) = 2*a**2 - 120*a - 490. Let g be v(64). Let b(u) = 13*u**2 + 4*u - 4. Let p be b(5). What is the highest common factor of g and p?
11
Suppose -752*l = -762*l + 100. Suppose -10*k + 3*k = -3640. Calculate the greatest common divisor of k and l.
10
Let l = -2917 + 2931. What is the highest common divisor of l and 133?
7
Suppose -2*p = -5*q + 482, 6*p - p = 5*q - 485. Let c(t) = 9*t**3 - t**2 + 77*t - 150. Let h be c(2). What is the greatest common factor of h and q?
24
Suppose 2*f = 12 - 10. Let j = -15 + 28. Calculate the highest common divisor of j and f.
1
Let v(g) = -g**3 - 8*g**2 + 21*g + 4. Let x be v(-10). Let n be x/15 - 4608/(-45). What is the greatest common factor of n and 12?
6
Suppose 296 = -18*w - 1702. Let x = w + 120. What is the highest common factor of 3 and x?
3
Let c be (-6)/((-3 - -3) + -2). Suppose 5*y + c*s - 365 = 0, 2*s = -5*y - 131 + 501. Let q be 311/7 + y/133. What is the greatest common factor of 5 and q?
5
Suppose -269*i + 275*i - 36000 = 0. Calculate the greatest common divisor of 40 and i.
40
Suppose 580 = 50*a - 40*a. What is the highest common factor of a and 8410?
58
Suppose -2*f = 5*z - 13942, -4*z - 2*f = -f - 11153. What is the highest common factor of z and 136?
68
Let f(t) = 120*t. Let p be f(1). Let o be (192/36)/(-4) + (696/9 - 4). Calculate the greatest common divisor of p and o.
24
Let r be (-3)/15 + (-32)/(-10) + 3. Let s be -4 + 2*(-4)/r*-72. Suppose y - s = -48. Calculate the highest common factor of y and 22.
22
Suppose -3558 = -v - 2*a, 12*v - 9*a + 11*a = 42850. What is the greatest common divisor of v and 329?
47
Let q(c) be the first derivative of -4*c**2 - 21*c - 5. Let u be q(-3). Let m(z) = 2*z**3 + z. Let v be m(1). Calculate the highest common divisor of v and u.
3
Let q = 8198 - 5615. Calculate the highest common factor of 63 and q.
63
Let p(m) = -m**2 + 238. Let b be p(0). Let h = 117 - 46. Suppose h = 4*g + 3*o, 0 = -3*g + 7*o - 3*o + 22. What is the highest common divisor of b and g?
14
Suppose -19*h + 580 = -2555. Suppose 4*t = 265 - h. What is the highest common factor of 1 and t?
1
Let u(l) = 3*l - 16. Let n be u(12). Let m = -52 - -25. Let j = 247 + m. What is the highest common divisor of j and n?
20
Let t = 137506 - 137460. Suppose -3*h - h = -184. Calculate the greatest common divisor of t and h.
46
Let k = 2049 + -2005. Let d(a) = a**2 + 2*a**2 + 4 - 2*a**2 + 8*a - 2*a**2. Let p be d(8). Calculate the highest common divisor of p and k.
4
Let v be 2/(-8) - 2810/(-8). Let i(s) = -29*s + 8. Let y be i(0). Let q be (-1 + 27)*12/y. What is the highest common factor of q and v?
39
Let u be 675*(135/216 + (-9)/(-24)). What is the highest common divisor of u and 525?
75
Let q be 4 - (4 + -10 - -5). Suppose 1 = -h, -3*d + q*h = h - 10. Suppose -f = -4*c + 4, -f - 2*c = -10 - 4. What is the greatest common factor of d and f?
2
Suppose 5*a - i - 51 = 0, 5*i + 35 = 5*a - 0*a. Let k(v) = 4*v**3 - 41*v**2 - 24*v + 18. Let h be k(a). What is the highest common factor of h and 195?
39
Suppose 7*p - 3*p - 64 = 0. Let s be p/(-16)*(-2 + -2). Suppose -4*d + 44 = l, 1 = 5*d - s. What is the greatest common divisor of 280 and l?
40
Suppose -b - 6 = 2*b. Let m be 6/2 + b*124/8. Let s = m + 33. Calculate the highest common factor of 15 and s.
5
Suppose -5*p - 4*x = -328, -4*p + 5*x + 31 + 215 = 0. Let k(v) = 3*v**2 - 12*v - 47. Let h be k(7). What is the greatest common factor of h and p?
16
Suppose -5*v + 5*w + 70 = 0, -42 + 58 = v + w. Calculate the highest common factor of 24105 and v.
15
Let t(o) = -538*o + 33617. Let m be t(62). Let d = 1169 - 821. What is the highest common divisor of m and d?
87
Suppose -134399 = -46*j + 135115. What is the greatest common divisor of j and 126?
63
Suppose 0*g - 5*n + 85 = 3*g, 0 = -5*g + 2*n + 90. Suppose 4*d = 4*z - 60, -z + 4*d = -5*z + g. What is the highest common divisor of 130 and z?
10
Let v = -26791 + 26805. What is the highest common factor of 60970 and v?
14
Let u(k) = k**3 + 22*k**2 + 80*k + 238. Let s be u(-14). What is the highest common divisor of 147 and s?
49
Suppose 0 = 4*l - 4, -13*t + 4*l + 3020 = -9*t. What is the greatest common divisor of t and 168?
84
Let c(i) = 89*i + 153. Let w be c(0). Calculate the greatest common factor of 87 and w.
3
Let c(k) = 727*k**3 + 3*k**2 - 5*k + 1. Let p be c(1). Suppose -21*r + p = r. Calculate the greatest common divisor of r and 22.
11
Let i be -9 - (18/(-27))/(4/24534). What is the highest common divisor of i and 96?
48
Let g = -536 - -618. Calculate the greatest common factor of 1107 and g.
41
Suppose -2*l = 2*i - 4*l - 24, 36 = 3*i + 4*l. Suppose 9*n - 96600 = -44*n - 108*n. Calculate the greatest common divisor of i and n.
12
Suppose 4 = 3*z + 46. Let r be -1 + (-2)/(-1) - (z + 13). Suppose -r*o + 86 = 24. Calculate the greatest common divisor of 31 and o.
31
Let b(p) = -36*p**2 + 11092*p - 768. Let d be b(308). Suppose -n = -0*k - 5*k + 141, 125 = 5*k - 5*n. What is the greatest common factor of d and k?
29
Suppose 0 = -4*w + 5*u + 255, 41*u + 89 = 2*w + 44*u. What is the greatest common factor of w and 649?
11
Let d(r) = 3*r**2 + 9*r. Let t be d(-3). Supp